{"id":138,"date":"2021-05-29T19:53:37","date_gmt":"2021-05-29T19:53:37","guid":{"rendered":"https:\/\/ressursipank.ee\/~renat\/arenguredel\/?page_id=138"},"modified":"2021-06-09T08:05:47","modified_gmt":"2021-06-09T08:05:47","slug":"noorsootootaja-vilunud","status":"publish","type":"page","link":"https:\/\/arenguredel.ressursipank.ee\/?page_id=138","title":{"rendered":"Noorsoot\u00f6\u00f6taja Vilunud"},"content":{"rendered":"\n<p class=\"has-normal-font-size\">Siin astmel on noorsoot\u00f6\u00f6taja, kellel on erialane rakendusk\u00f5rgharidus\/bakalaureusekraad v\u00f5i t\u00f6\u00f6<br>k\u00e4igus omandatud kutseoskused. Sellel astmel noorsoot\u00f6\u00f6tajal on kutse tase 6 ja valmistub<br>v\u00f5imalusel kutse tase 7 taotlemiseks. T\u00f6\u00f6tades noortevaldkonnas j\u00f5uavad noorsoot\u00f6\u00f6tajad sellele<br>astmele, kuid mitte k\u00f5ik. Seda astet iseloomustab k\u00f5ige enam intuitiivne otsustamine. T\u00e4nu oma<br>rikkalikule kogemusele suudab vilunud noorsoot\u00f6\u00f6taja n\u00e4ha situatsioone terviklikult. Ta oskab<br>kiiresti \u00e4ra tunda sarnaseid s\u00fcndmusi. Oskab kasutada teadusp\u00f5hiseid l\u00e4henemisi oma t\u00f6\u00f6s.<br>Juhendab teisi noorsoot\u00f6\u00f6tajaid ja on mentoriks alustavatele noorsoot\u00f6\u00f6tajatele.<br>Kasutab oma t\u00f6\u00f6s eesti keelt tasemel C1 ning v\u00e4hemalt \u00fchte v\u00f5\u00f5rkeelt tasemel B1.<\/p>\n\n\n\n<p class=\"has-normal-font-size\">Sammud, mis toetavad kogemust, koolitusvajadust ning kompetentse j\u00e4rgmisele tasemele<br>liikumiseks:<\/p>\n\n\n\n<div class=\"wp-block-pb-accordion-item c-accordion__item js-accordion-item no-js\" data-initially-open=\"false\" data-click-to-close=\"true\" data-auto-close=\"true\" data-scroll=\"false\" data-scroll-offset=\"0\"><h5 id=\"at-1380\" class=\"c-accordion__title js-accordion-controller\" role=\"button\">1) Kutsealase fookuse seadmine<\/h5><div id=\"ac-1380\" class=\"c-accordion__content\">\n<p>\u25cf Juhin ja arendan oma organisatsiooni ja noortevaldkonda kohalikul, maakondlikul,<br>riiklikul v\u00f5i rahvusvahelisel tasandil;<br>\u25cf Juhendan noorsoot\u00f6\u00f6tajaid, vabatahtlikke, praktikante;<br>\u25cf Sean eesm\u00e4rgid kutse tase 7 taotlemiseks;<br>\u25cf Spetsialiseerun valdkonna siseselt.<\/p>\n<\/div><\/div>\n\n\n\n<div class=\"wp-block-pb-accordion-item c-accordion__item js-accordion-item no-js\" data-initially-open=\"false\" data-click-to-close=\"true\" data-auto-close=\"true\" data-scroll=\"false\" data-scroll-offset=\"0\"><h5 id=\"at-1381\" class=\"c-accordion__title js-accordion-controller\" role=\"button\">2) Mitmekesiste to\u0308o\u0308u\u0308lesannete t\u00e4itmine:<\/h5><div id=\"ac-1381\" class=\"c-accordion__content\">\n<p>\u25cf Loon tingimused noorte omaalgatuse ja vastutuse arenguks ning noorte kaasamiseks;<br>\u25cf Tagan ja juhin praktilise noorsoot\u00f6\u00f6 toimimist ning viin l\u00e4bi ja kavandan<br>arendustegevusi kohalikul, maakondlikul v\u00f5i riiklikul tasandil;<br>\u25cf Kaardistan regulaarselt noorte arengu ja infovajadused ning sellest l\u00e4htuvalt planeerin<br>tegevusi, asutuse eesm\u00e4rke ja koost\u00f6\u00f6d;<br>\u25cf Tunnen noorsoot\u00f6\u00f6 valdkonda reguleerivaid \u00f5igusakte ning loon ise \u00f5igustloovaid<br>akte ning oskan neid oma t\u00f6\u00f6s kasutada;<br>\u25cf Tagan turvalise keskkonna nii noortele kui t\u00f6\u00f6tajatele;<br>\u25cf Planeerin, koordineerin ja juhendan mitteformaalseid tegevusi;<br>\u25cf Juhendan noorsoot\u00f6\u00f6tajaid, vabatahtlike, praktikante jt;<br>\u25cf Teen koost\u00f6\u00f6d v\u00f5rgustikuga ja teiste huvi- ja sidusgruppidega; algatan ja juhin<br>koost\u00f6\u00f6v\u00f5rgustikke;<br>\u25cf Kasutan erinevaid t\u00f6\u00f6keskkondi ja digivahendeid;<br>\u25cf Planeerin ja viin ellu projekte (sh koost\u00f6\u00f6projekte ja rahvusvahelisi projekte);<br>\u25cf Planeerin ja viin l\u00e4bi regulaarselt avalikke esinemisi ja meediakajastusi, avaldan<br>arvamusartikleid ja viin l\u00e4bi avalikkuse teavitamist;<br>\u25cf Viin reguraalselt l\u00e4bi noorsoot\u00f6\u00f6 valdkonna hindamisi- tegevuskava, kvaliteet, seire<br>jms.<\/p>\n<\/div><\/div>\n\n\n\n<div class=\"wp-block-pb-accordion-item c-accordion__item js-accordion-item no-js\" data-initially-open=\"false\" data-click-to-close=\"true\" data-auto-close=\"true\" data-scroll=\"false\" data-scroll-offset=\"0\"><h5 id=\"at-1382\" class=\"c-accordion__title js-accordion-controller\" role=\"button\">3) Mitteformaalses \u00f5ppes kogetu ja saavutatu m\u00f5testamine<\/h5><div id=\"ac-1382\" class=\"c-accordion__content\">\n<p>\u25cf Koos noorte ja noorsoot\u00f6\u00f6tajatega, kolleegidega;<br>\u25cf Planeerin, koordineerin v\u00f5i juhendan mitteformaalseid tegevusi;<br>\u25cf Mina \u00f5ppijana ja juhendajana;<br>\u25cf J\u00e4rjepidev enesearendamine koos enesereflektsiooniga.<\/p>\n<\/div><\/div>\n\n\n\n<div class=\"wp-block-pb-accordion-item c-accordion__item js-accordion-item no-js\" data-initially-open=\"false\" data-click-to-close=\"true\" data-auto-close=\"true\" data-scroll=\"false\" data-scroll-offset=\"0\"><h5 id=\"at-1383\" class=\"c-accordion__title js-accordion-controller\" role=\"button\">4) Oma n\u00f5rkuste ja tugevuste hindamine ning arendamine:<\/h5><div id=\"ac-1383\" class=\"c-accordion__content\">\n<p>\u25cf Kriitiline refleksioon;<br>\u25cf Osalen oma arenguvajadustest ja t\u00f6\u00f6 spetsiifikaga seotud t\u00e4iendkoolitustel;<br>\u25cf Loon innovaatilisi ja uudseid l\u00e4henemisi\/v\u00f5imalusi.<\/p>\n<\/div><\/div>\n","protected":false},"excerpt":{"rendered":"<p>Siin astmel on noorsoot\u00f6\u00f6taja, kellel on erialane rakendusk\u00f5rgharidus\/bakalaureusekraad v\u00f5i t\u00f6\u00f6k\u00e4igus omandatud kutseoskused. Sellel astmel noorsoot\u00f6\u00f6tajal on kutse tase 6 ja valmistubv\u00f5imalusel kutse tase 7 taotlemiseks.<\/p>\n<div class=\"btn btn-light btn-arrow\"><a href=\"https:\/\/arenguredel.ressursipank.ee\/?page_id=138\" rel=\"nofollow\" title=\"Read More\">Read More<\/a><\/div>\n","protected":false},"author":1,"featured_media":0,"parent":0,"menu_order":0,"comment_status":"closed","ping_status":"closed","template":"","meta":{"footnotes":""},"class_list":["post-138","page","type-page","status-publish","hentry"],"_links":{"self":[{"href":"https:\/\/arenguredel.ressursipank.ee\/index.php?rest_route=\/wp\/v2\/pages\/138","targetHints":{"allow":["GET"]}}],"collection":[{"href":"https:\/\/arenguredel.ressursipank.ee\/index.php?rest_route=\/wp\/v2\/pages"}],"about":[{"href":"https:\/\/arenguredel.ressursipank.ee\/index.php?rest_route=\/wp\/v2\/types\/page"}],"author":[{"embeddable":true,"href":"https:\/\/arenguredel.ressursipank.ee\/index.php?rest_route=\/wp\/v2\/users\/1"}],"replies":[{"embeddable":true,"href":"https:\/\/arenguredel.ressursipank.ee\/index.php?rest_route=%2Fwp%2Fv2%2Fcomments&post=138"}],"version-history":[{"count":7,"href":"https:\/\/arenguredel.ressursipank.ee\/index.php?rest_route=\/wp\/v2\/pages\/138\/revisions"}],"predecessor-version":[{"id":303,"href":"https:\/\/arenguredel.ressursipank.ee\/index.php?rest_route=\/wp\/v2\/pages\/138\/revisions\/303"}],"wp:attachment":[{"href":"https:\/\/arenguredel.ressursipank.ee\/index.php?rest_route=%2Fwp%2Fv2%2Fmedia&parent=138"}],"curies":[{"name":"wp","href":"https:\/\/api.w.org\/{rel}","templated":true}]}}