{"id":135,"date":"2021-05-29T19:53:37","date_gmt":"2021-05-29T19:53:37","guid":{"rendered":"https:\/\/ressursipank.ee\/~renat\/arenguredel\/?page_id=135"},"modified":"2021-06-09T08:05:29","modified_gmt":"2021-06-09T08:05:29","slug":"noorsootootaja-uus-tulija","status":"publish","type":"page","link":"https:\/\/arenguredel.ressursipank.ee\/?page_id=135","title":{"rendered":"Noorsoot\u00f6\u00f6taja Uus tulija"},"content":{"rendered":"\n<p class=\"has-normal-font-size\">Siin astmel on need noorsoot\u00f6\u00f6tajad, kes on l\u00e4binud m\u00f5ne noorsoot\u00f6\u00f6alase v\u00f5i pedagoogilise<br>koolituse v\u00f5i t\u00f6\u00f6tavad esimest aastat noorsoot\u00f6\u00f6tajana, oskavad teha lihtsamaid tegevusi<br>noorsoot\u00f6\u00f6s. Ei oma noorsoot\u00f6\u00f6 kutset.<br>Sammud, mis toetavad kogemuse saamist, koolitusvajadusi ning erialase kompetentsi arengut<br>j\u00e4rgmisele astmele liikumiseks:<br><br><\/p>\n\n\n\n<div class=\"wp-block-pb-accordion-item c-accordion__item js-accordion-item no-js\" data-initially-open=\"false\" data-click-to-close=\"true\" data-auto-close=\"true\" data-scroll=\"false\" data-scroll-offset=\"0\"><h5 id=\"at-1350\" class=\"c-accordion__title js-accordion-controller\" role=\"button\">1) Igap\u00e4evat\u00f6\u00f6s fookuse seadmine koost\u00f6\u00f6s mentori v\u00f5i t\u00f6\u00f6andjaga:<\/h5><div id=\"ac-1350\" class=\"c-accordion__content\">\n<p>\u25cf Otsin mentori, kelleks v\u00f5ib olla juht v\u00f5i staa\u017eikam kolleeg;<br>\u25cf Tean oma asutuse \u00fcldiseid suundi ja noorsoot\u00f6\u00f6 toimimise p\u00f5him\u00f5tteid;<br>\u25cf Omandan baasteadmised noorteinfo p\u00f5him\u00f5tetest;<br>\u25cf Tean, mis \u00f5igusaktid noorsoot\u00f6\u00f6d reguleerivad.<\/p>\n<\/div><\/div>\n\n\n\n<div class=\"wp-block-pb-accordion-item c-accordion__item js-accordion-item no-js\" data-initially-open=\"false\" data-click-to-close=\"true\" data-auto-close=\"true\" data-scroll=\"false\" data-scroll-offset=\"0\"><h5 id=\"at-1351\" class=\"c-accordion__title js-accordion-controller\" role=\"button\">2) Mitmekesiste to\u0308o\u0308u\u0308lesannete t\u00e4itmine:<\/h5><div id=\"ac-1351\" class=\"c-accordion__content\">\n<p>\u25cf Viin ellu noorsoot\u00f6\u00f6 tegevusi;<br>\u25cf T\u00f6\u00f6tan regulaarselt noortega nii grupis kui individuaalselt;<br>\u25cf Loon usaldusliku ja turvalise keskkonna noortele;<br>\u25cf Osalen v\u00f5imalusel laagri v\u00f5i maleva t\u00f6\u00f6s;<br>\u25cf L\u00e4htun oma t\u00f6\u00f6s noorsoot\u00f6\u00f6 kutse-eetikast.<\/p>\n<\/div><\/div>\n\n\n\n<div class=\"wp-block-pb-accordion-item c-accordion__item js-accordion-item no-js\" data-initially-open=\"false\" data-click-to-close=\"true\" data-auto-close=\"true\" data-scroll=\"false\" data-scroll-offset=\"0\"><h5 id=\"at-1352\" class=\"c-accordion__title js-accordion-controller\" role=\"button\">3) Mitteformaal\u00f5ppe meetodite omandamine ja rakendamine:<\/h5><div id=\"ac-1352\" class=\"c-accordion__content\">\n<p>\u25cf Planeerin ja viin ellu v\u00e4hemalt 3 lihtsamat planeeritud tegevust\/s\u00fcndmust;<br>\u25cf Juhendan noori (sh nende \u00f5ppeprotsessi).<\/p>\n<\/div><\/div>\n\n\n\n<div class=\"wp-block-pb-accordion-item c-accordion__item js-accordion-item no-js\" data-initially-open=\"false\" data-click-to-close=\"true\" data-auto-close=\"true\" data-scroll=\"false\" data-scroll-offset=\"0\"><h5 id=\"at-1353\" class=\"c-accordion__title js-accordion-controller\" role=\"button\">4) Oma n\u00f5rkuste ja tugevuste hindamine ning arendamine (arenguvestlus juhiga):<\/h5><div id=\"ac-1353\" class=\"c-accordion__content\">\n<p>\u25cf Teen koost\u00f6\u00f6d mentoriga;<br>\u25cf Taotlen osakutse;<br>          nt laagrikasvataja &#8211; selleks on vaja 32 akadeemilist tundi noorsoot\u00f6\u00f6taja<br>          kompetentsidega seotud t\u00e4iendkoolitusi viimase viie aasta jooksul ja 8<br>          akadeemilist tundi esmaabi koolitust viimase kolme aasta jooksul.<\/p>\n\n\n\n<p>\u25cf Osalen v\u00e4hemalt kolmel noorsoot\u00f6\u00f6taja professionaalsust ja metoodilisi oskusi t\u00f5stval<br>koolitusel.<\/p>\n<\/div><\/div>\n\n\n\n<p><\/p>\n","protected":false},"excerpt":{"rendered":"<p>Siin astmel on need noorsoot\u00f6\u00f6tajad, kes on l\u00e4binud m\u00f5ne noorsoot\u00f6\u00f6alase v\u00f5i pedagoogilisekoolituse v\u00f5i t\u00f6\u00f6tavad esimest aastat noorsoot\u00f6\u00f6tajana, oskavad teha lihtsamaid tegevusinoorsoot\u00f6\u00f6s. Ei oma noorsoot\u00f6\u00f6 kutset.Sammud,<\/p>\n<div class=\"btn btn-light btn-arrow\"><a href=\"https:\/\/arenguredel.ressursipank.ee\/?page_id=135\" rel=\"nofollow\" title=\"Read More\">Read More<\/a><\/div>\n","protected":false},"author":1,"featured_media":0,"parent":0,"menu_order":0,"comment_status":"closed","ping_status":"closed","template":"","meta":{"footnotes":""},"class_list":["post-135","page","type-page","status-publish","hentry"],"_links":{"self":[{"href":"https:\/\/arenguredel.ressursipank.ee\/index.php?rest_route=\/wp\/v2\/pages\/135","targetHints":{"allow":["GET"]}}],"collection":[{"href":"https:\/\/arenguredel.ressursipank.ee\/index.php?rest_route=\/wp\/v2\/pages"}],"about":[{"href":"https:\/\/arenguredel.ressursipank.ee\/index.php?rest_route=\/wp\/v2\/types\/page"}],"author":[{"embeddable":true,"href":"https:\/\/arenguredel.ressursipank.ee\/index.php?rest_route=\/wp\/v2\/users\/1"}],"replies":[{"embeddable":true,"href":"https:\/\/arenguredel.ressursipank.ee\/index.php?rest_route=%2Fwp%2Fv2%2Fcomments&post=135"}],"version-history":[{"count":11,"href":"https:\/\/arenguredel.ressursipank.ee\/index.php?rest_route=\/wp\/v2\/pages\/135\/revisions"}],"predecessor-version":[{"id":302,"href":"https:\/\/arenguredel.ressursipank.ee\/index.php?rest_route=\/wp\/v2\/pages\/135\/revisions\/302"}],"wp:attachment":[{"href":"https:\/\/arenguredel.ressursipank.ee\/index.php?rest_route=%2Fwp%2Fv2%2Fmedia&parent=135"}],"curies":[{"name":"wp","href":"https:\/\/api.w.org\/{rel}","templated":true}]}}